
What are the prime factors of 95783370?
2, 3, 5, 19, 197, 853
What are the prime factors of 144615511?
144615511
List the prime factors of 108789363.
3, 661, 18287
List the prime factors of 166435277.
41, 4059397
List the prime factors of 23682065.
5, 11, 23, 97, 193
What are the prime factors of 99724772?
2, 7, 1381, 2579
What are the prime factors of 932738876?
2, 47, 4961377
What are the prime factors of 368953057?
11, 17, 1973011
What are the prime factors of 191253000?
2, 3, 5, 37, 1723
List the prime factors of 2302313758.
2, 1151156879
What are the prime factors of 733304069?
19, 43, 897557
What are the prime factors of 1559737772?
2, 389934443
List the prime factors of 491567969.
8521, 57689
What are the prime factors of 11022800?
2, 5, 17, 1621
List the prime factors of 238765189.
13, 683, 26891
List the prime factors of 1117998375.
3, 5, 13, 23, 59
List the prime factors of 46653075.
3, 5, 7, 19, 1559
What are the prime factors of 29745583?
7, 19, 139, 1609
What are the prime factors of 41353924?
2, 10338481
List the prime factors of 435815922.
2, 3, 43, 107, 15787
What are the prime factors of 7113144517?
5153, 1380389
What are the prime factors of 56278827?
3, 11, 189491
What are the prime factors of 6330036011?
13, 23, 349, 60661
List the prime factors of 918359964.
2, 3, 2521, 3373
List the prime factors of 4833064770.
2, 3, 5, 19, 61, 97, 1433
What are the prime factors of 434483000?
2, 5, 7, 8867
What are the prime factors of 483430534?
2, 7499, 32233
What are the prime factors of 135509270?
2, 5, 13, 181, 443
What are the prime factors of 3137817578?
2, 7, 224129827
What are the prime factors of 2611773614?
2, 17, 151, 211, 2411
List the prime factors of 41513178.
2, 3, 7, 988409
List the prime factors of 451630375.
5, 7, 41, 12589
List the prime factors of 873337973.
37, 47, 139, 3613
List the prime factors of 381884145.
3, 5, 25458943
List the prime factors of 332862302.
2, 23, 1451, 4987
What are the prime factors of 26679003?
3, 13, 31, 22067
List the prime factors of 86387998.
2, 3463, 12473
List the prime factors of 1284748277.
1284748277
List the prime factors of 345220415.
5, 1097, 62939
What are the prime factors of 614077164?
2, 3, 17057699
What are the prime factors of 278390337?
3, 19, 4884041
List the prime factors of 1442573309.
19, 163, 465797
What are the prime factors of 3415377489?
3, 73, 15595331
List the prime factors of 477134245.
5, 7, 29, 470083
What are the prime factors of 1664310890?
2, 5, 11, 19, 47, 16943
List the prime factors of 285671362.
2, 23, 6210247
What are the prime factors of 56380171?
56380171
List the prime factors of 206067043.
7, 13, 137, 16529
What are the prime factors of 76951164?
2, 3, 1367, 4691
List the prime factors of 616394357.
97, 563, 11287
What are the prime factors of 3545666080?
2, 5, 11, 53, 38011
List the prime factors of 3623660526.
2, 3, 603943421
What are the prime factors of 121838858?
2, 167, 283, 1289
List the prime factors of 32951018.
2, 29, 379, 1499
What are the prime factors of 411047075?
5, 839, 19597
List the prime factors of 139047590.
2, 5, 11, 17, 74357
List the prime factors of 2265458900.
2, 5, 347, 65287
List the prime factors of 100389346.
2, 31, 149, 10867
List the prime factors of 1817789732.
2, 11, 103, 401101
List the prime factors of 5204476462.
2, 37, 70330763
List the prime factors of 8332921472.
2, 65100949
What are the prime factors of 199187769?
3, 11, 6035993
List the prime factors of 843723376.
2, 1123, 46957
List the prime factors of 845637598.
2, 13, 19, 1711817
List the prime factors of 83758827.
3, 241, 115849
List the prime factors of 97553110.
2, 5, 2437, 4003
List the prime factors of 507599890.
2, 5, 7, 31, 233917
List the prime factors of 147122593.
311, 367, 1289
List the prime factors of 928975395.
3, 5, 1283, 48271
List the prime factors of 243106790.
2, 5, 73, 333023
What are the prime factors of 1489289707?
1489289707
What are the prime factors of 976193679?
3, 29, 2039, 5503
What are the prime factors of 564397394?
2, 11, 19, 107, 12619
List the prime factors of 1001831512.
2, 11, 11384449
What are the prime factors of 252637367?
41, 1303, 4729
List the prime factors of 173556745.
5, 34711349
List the prime factors of 81267331.
81267331
What are the prime factors of 317746207?
317746207
What are the prime factors of 20780342?
2, 11, 944561
List the prime factors of 1218160250.
2, 5, 37, 79, 1667
What are the prime factors of 35012026?
2, 7, 23, 227, 479
What are the prime factors of 105070492?
2, 1721, 15263
What are the prime factors of 25393967?
25393967
What are the prime factors of 625516909?
625516909
List the prime factors of 885792878.
2, 29, 151, 101141
What are the prime factors of 71389469?
59, 1097, 1103
What are the prime factors of 66360423?
3, 151, 263, 557
List the prime factors of 663424446.
2, 3, 110570741
List the prime factors of 664153686.
2, 3, 7, 5271061
What are the prime factors of 77807011?
17, 1459, 3137
List the prime factors of 225830621.
277, 815273
List the prime factors of 1303447443.
3, 17, 19, 281, 4787
List the prime factors of 28188908.
2, 11, 43, 47, 317
List the prime factors of 292531722.
2, 3, 7, 61, 227, 503
List the prime factors of 761836796.
2, 7, 89, 311, 983
List the prime factors of 889858788.
2, 3, 7, 13, 814889
What are the prime factors of 220061250?
2, 3, 5, 31, 631
What are the prime factors of 436035216?
2, 3, 139, 65353
List the prime factors of 148499570.
2, 5, 14849957
List the prime factors of 16029540.
2, 3, 5, 19, 43, 109
List the prime factors of 3190663886.
2, 1595331943
What are the prime factors of 285891615?
3, 5, 229, 27743
What are the prime factors of 540905493?
3, 180301831
What are the prime factors of 351795369?
3, 907, 129289
List the prime factors of 75817766.
2, 37908883
List the prime factors of 154178666.
2, 3331, 23143
List the prime factors of 1987821943.
23, 4813, 17957
List the prime factors of 74405209.
17, 1303, 3359
List the prime factors of 149880385.
5, 601, 49877
List the prime factors of 3468332115.
3, 5, 8563783
List the prime factors of 2577054658.
2, 9439, 136511
List the prime factors of 537898795.
5, 7, 15368537
List the prime factors of 122429824.
2, 11, 89, 977
List the prime factors of 44432586.
2, 3, 11, 349, 643
List the prime factors of 39856190.
2, 5, 11, 32939
List the prime factors of 37680740.
2, 5, 239, 7883
What are the prime factors of 1355300061?
3, 17, 26574511
What are the prime factors of 41668407?
3, 11, 83, 461
List the prime factors of 86335561.
13, 6641197
What are the prime factors of 5480183945?
5, 1096036789
What are the prime factors of 42633095?
5, 73, 116803
What are the prime factors of 2808264?
2, 3, 17, 6883
What are the prime factors of 43683968?
2, 341281
List the prime factors of 3332399288.
2, 2143, 194377
What are the prime factors of 29906232?
2, 3, 1246093
List the prime factors of 782462533.
47, 16648139
List the prime factors of 631241638.
2, 4903, 64373
What are the prime factors of 22131513?
3, 37, 41, 1621
List the prime factors of 429435362.
2, 53, 4051277
List the prime factors of 3327533307.
3, 7, 47, 160541
What are the prime factors of 2716765883?
13, 73, 397, 7211
List the prime factors of 57286096.
2, 7, 89, 821
What are the prime factors of 104532047?
104532047
What are the prime factors of 54006971?
3037, 17783
What are the prime factors of 185167704?
2, 3, 89, 86689
What are the prime factors of 498900364?
2, 2803, 44497
List the prime factors of 18516926.
2, 9258463
List the prime factors of 834346405.
5, 53, 3148477
What are the prime factors of 374383924?
2, 433, 216157
List the prime factors of 451822116.
2, 3, 37651843
List the prime factors of 78475052.
2, 19618763
What are the prime factors of 201915039?
3, 2111, 31883
What are the prime factors of 178078841?
181, 983861
List the prime factors of 84755588.
2, 21188897
List the prime factors of 11951405.
5, 883, 2707
List the prime factors of 20669.
11, 1879
List the prime factors of 922642677.
3, 11, 23, 31, 4357
List the prime factors of 1413375836.
2, 1621, 217979
List the prime factors of 73009504.
2, 241, 9467
List the prime factors of 887517980.
2, 5, 17, 41, 63667
List the prime factors of 5157745081.
83, 2111, 2943